{"id":25,"date":"2021-09-07T16:44:19","date_gmt":"2021-09-07T19:44:19","guid":{"rendered":"http:\/\/municipalidadtaltal.cl\/portal8\/wordpress\/?page_id=25"},"modified":"2023-11-15T13:37:08","modified_gmt":"2023-11-15T16:37:08","slug":"participacion-ciudadana","status":"publish","type":"page","link":"https:\/\/municipalidadtaltal.cl\/portal8\/participacion-ciudadana\/","title":{"rendered":"participaci\u00f3n ciudadana"},"content":{"rendered":"<div id=\"wppb-builder-container\" class=\"wppb-builder-container\">                <div  class=\"wppb-row-parent  wppb-row-1695902815802 \"  >\n\t\t\t\t\t\n\t\t\t\t\t\t\t\t\t\t\n\t\t\t\t\t\t\t\t\t\t\n\t\t\t\t\t<div class=\"wppb-container \">\n\t\t\t\t\t\t\t\t\t\t\t\t\t\n                        <div class=\"wppb-row\">\n\t\t\t\t\t\t\t                                    <div  class=\"wppb-column-parent wppb-column-parent-view wppb-col-1695902815801  \"  >\n                                        <div class=\"wppb-column\">\n\t\t\t\t\t\n\t\t\t\t\t\t\t\t\t\t\t\n                                            <div class=\"wppb-builder-addons\">\n\t\t\t\t\t\t\t\t\t\t\t\t<div class='wppb-builder-addon wppb-widget-1695902828763 wppb-addon-1695902828763'  data-addon-id='1695902828763'><div class='wppb-widget'>\t\t\t<div class=\"textwidget\"><p><strong>ENMIENDA N\u00b01\u00a0<\/strong><\/p>\n<p><strong>MODIFICACI\u00d3N PLAN REGULADOR COMUNAL <\/strong><strong>DE TALTAL<\/strong><\/p>\n<p>La Ilustre Municipalidad de Taltal informa que, con motivo de presentar a la comunidad la Enmienda N\u00b01 del Plan Regulador Comunal (PRC) de Taltal, que considera modificaciones a los usos de equipamientos permitidos en la zona <strong>ZUE-3<\/strong> del Plan Regulador Comunal, se realizaran las siguientes actividades:<\/p>\n<p><strong>EXPOSICI\u00d3N P\u00daBLICA DE LOS ANTECEDENTES<\/strong><\/p>\n<p>Exposici\u00f3n de Memoria Explicativa y Texto Aprobatorio de la Enmienda N\u00b01 del Plan Regulador de Taltal.<\/p>\n<p>Los antecedentes estar\u00e1n expuestos al p\u00fablico desde el 11 de septiembre de 2023 y hasta el 10 de octubre de 2023, en la Sala de Reuniones del Centro Cultural de Taltal, Juan Mart\u00ednez 215, en la Direcci\u00f3n de Obras Municipales y en la Alcald\u00eda de la Municipalidad, Arturo Prat 515. Adem\u00e1s, estos documentos estar\u00e1n disponibles en la p\u00e1gina web del municipio (<a href=\"\\&quot;\\\\&quot;\\\\\\\\&quot;http:\/\/www.municipalidadtaltal.cl\\\\\\\\&quot;\\\\&quot;\\&quot;\"><strong>www.municipalidadtaltal.cl<\/strong><\/a>) para su retiro gratuito.<\/p>\n<p>Cualquier persona natural o jur\u00eddica, a partir del 11 de octubre de 2023 y hasta el 26 de octubre de 2023, podr\u00e1 formular por escrito, las observaciones fundadas que estimen convenientes a la Enmienda N\u00b01 del Plan Regulador de Comunal de Taltal, mediante los formularios que estar\u00e1n disponibles en el sitio web <strong>www.municipalidadtaltal.cl<\/strong>, las que deber\u00e1n ser ingresadas en la Oficina de Partes de la I. Municipalidad de Taltal ubicada en Arturo Prat 515, edificio municipal 2\u00b0piso, o al siguiente correo electr\u00f3nico <a href=\"\\&quot;\\\\&quot;\\\\\\\\&quot;mailto:observacionesenmienda2023@municipalidadtaltal.cl\\\\\\\\&quot;\\\\&quot;\\&quot;\"><strong>observacionesenmienda2023@municipalidadtaltal.cl<\/strong><\/a><strong>, <\/strong>hasta el\u00a0 26 de octubre de 2023.<\/p>\n<p><strong>SEGUNDA AUDIENCIA P\u00daBLICA<\/strong><\/p>\n<p>Presentaci\u00f3n de la Enmienda N\u00b01 del Plan Regulador Comunal de Taltal, y observaciones ingresadas a esa fecha<\/p>\n<table>\n<tbody>\n<tr>\n<td width=\"\\&quot;\\\\&quot;115\\\\&quot;\\&quot;\"><strong>FECHA<\/strong><\/td>\n<td width=\"\\&quot;\\\\&quot;312\\\\&quot;\\&quot;\"><strong>LUGAR <\/strong><\/td>\n<td width=\"\\&quot;\\\\&quot;138\\\\&quot;\\&quot;\"><strong>HORA <\/strong><\/td>\n<\/tr>\n<tr>\n<td width=\"\\&quot;\\\\&quot;115\\\\&quot;\\&quot;\">17 &#8211; 11 &#8211; 2023<\/td>\n<td width=\"\\&quot;\\\\&quot;312\\\\&quot;\\&quot;\">Sala de Multiuso Centro Cultural de Taltal<\/td>\n<td width=\"\\&quot;\\\\&quot;138\\\\&quot;\\&quot;\">\u00a0 17:30<\/td>\n<\/tr>\n<\/tbody>\n<\/table>\n<\/div>\n\t\t<\/div><\/div>                                            <\/div>\n                                        <\/div>\n                                    <\/div>\n\t\t\t\t\t\t\t\t\t                        <\/div>\n\n                    <\/div>\n                <\/div>\n\t\t\t\t                <div  class=\"wppb-row-parent  wppb-row-1695902815815 \"  >\n\t\t\t\t\t\n\t\t\t\t\t\t\t\t\t\t\n\t\t\t\t\t\t\t\t\t\t\n\t\t\t\t\t<div class=\"wppb-container \">\n\t\t\t\t\t\t\t\t\t\t\t\t\t\n                        <div class=\"wppb-row\">\n\t\t\t\t\t\t\t                                    <div  class=\"wppb-column-parent wppb-column-parent-view wppb-col-1695902815814  \"  >\n                                        <div class=\"wppb-column\">\n\t\t\t\t\t\n\t\t\t\t\t\t\t\t\t\t\t\n                                            <div class=\"wppb-builder-addons\">\n\t\t\t\t\t\t\t\t\t\t\t\t<div class='wppb-builder-addon wppb-widget-1696349610591 wppb-addon-1696349610591'  data-addon-id='1696349610591'><div class='wppb-widget'><h5 id=\"link\">Link <\/h5>\t\t\t<div class=\"textwidget\"><p><a href=\"https:\/\/municipalidadtaltal.cl\/portal8\/wp-content\/uploads\/2023\/09\/MEMORIA_EXPLICATIVA.pdf\">MEMORIA_EXPLICATIVA<\/a><\/p>\n<p><a href=\"https:\/\/municipalidadtaltal.cl\/portal8\/wp-content\/uploads\/2023\/09\/PRESENTACION-PROPUESTA-DE-ENMIENDA.pdf\">PRESENTACI\u00d3N PROPUESTA DE ENMIENDA<\/a><\/p>\n<\/div>\n\t\t<\/div><\/div>                                            <\/div>\n                                        <\/div>\n                                    <\/div>\n\t\t\t\t\t\t\t\t\t                        <\/div>\n\n                    <\/div>\n                <\/div>\n\t\t\t\t                <div  class=\"wppb-row-parent  wppb-row-1695902815806 \"  >\n\t\t\t\t\t\n\t\t\t\t\t\t\t\t\t\t\n\t\t\t\t\t\t\t\t\t\t\n\t\t\t\t\t<div class=\"wppb-container \">\n\t\t\t\t\t\t\t\t\t\t\t\t\t\n                        <div class=\"wppb-row\">\n\t\t\t\t\t\t\t                                    <div  class=\"wppb-column-parent wppb-column-parent-view wppb-col-1695902815805  \"  >\n                                        <div class=\"wppb-column\">\n\t\t\t\t\t\n\t\t\t\t\t\t\t\t\t\t\t\n                                            <div class=\"wppb-builder-addons\">\n\t\t\t\t\t\t\t\t\t\t\t\t<div class='wppb-builder-addon wppb-addon-1700066328142'  data-addon-id='1700066328142'><div class='wppb-addon'><div class=\"wppb-image-addon\"><figure class=\"wppb-image-addon-content-wrap\"><div class=\"wppb-image-addon-content wppb-imginlineblock\"><img  decoding=\"async\"  class=\"wppb-image-addon-img pk-lazyload\"  src=\"data:image\/png;base64,iVBORw0KGgoAAAANSUhEUgAAAAEAAAABAQMAAAAl21bKAAAAA1BMVEUAAP+KeNJXAAAAAXRSTlMAQObYZgAAAApJREFUCNdjYAAAAAIAAeIhvDMAAAAASUVORK5CYII=\"  alt=\"Image\"  data-pk-sizes=\"auto\"  data-pk-src=\"https:\/\/municipalidadtaltal.cl\/portal8\/wp-content\/uploads\/2023\/11\/thumbnail_2da-partiicpacion-Ciudadana.jpg\" ><\/div><\/figure><\/div><\/div><\/div>                                            <\/div>\n                                        <\/div>\n                                    <\/div>\n\t\t\t\t\t\t\t\t\t                        <\/div>\n\n                    <\/div>\n                <\/div>\n\t\t\t\t<\/div>","protected":false},"excerpt":{"rendered":"ENMIENDA N\u00b01\u00a0 MODIFICACI\u00d3N PLAN REGULADOR COMUNAL DE TALTAL La Ilustre Municipalidad de Taltal informa que, con motivo de&hellip;\n","protected":false},"author":1,"featured_media":0,"parent":0,"menu_order":0,"comment_status":"closed","ping_status":"closed","template":"","meta":{"_mi_skip_tracking":false,"footnotes":""},"class_list":["post-25","page","type-page","status-publish"],"aioseo_notices":[],"yoast_head":"<!-- This site is optimized with the Yoast SEO Premium plugin v25.1 (Yoast SEO v25.1) - https:\/\/yoast.com\/wordpress\/plugins\/seo\/ -->\n<title>participaci\u00f3n ciudadana - Ilustre Municipalidad de Taltal<\/title>\n<meta name=\"robots\" content=\"index, follow, max-snippet:-1, max-image-preview:large, max-video-preview:-1\" \/>\n<link rel=\"canonical\" href=\"https:\/\/municipalidadtaltal.cl\/portal8\/participacion-ciudadana\/\" \/>\n<meta property=\"og:locale\" content=\"es_ES\" \/>\n<meta property=\"og:type\" content=\"article\" \/>\n<meta property=\"og:title\" content=\"participaci\u00f3n ciudadana\" \/>\n<meta property=\"og:description\" content=\"ENMIENDA N\u00b01\u00a0 MODIFICACI\u00d3N PLAN REGULADOR COMUNAL DE TALTAL La Ilustre Municipalidad de Taltal informa que, con motivo de&hellip;\" \/>\n<meta property=\"og:url\" content=\"https:\/\/municipalidadtaltal.cl\/portal8\/participacion-ciudadana\/\" \/>\n<meta property=\"og:site_name\" content=\"Ilustre Municipalidad de Taltal\" \/>\n<meta property=\"article:modified_time\" content=\"2023-11-15T16:37:08+00:00\" \/>\n<meta name=\"twitter:card\" content=\"summary_large_image\" \/>\n<script type=\"application\/ld+json\" class=\"yoast-schema-graph\">{\"@context\":\"https:\/\/schema.org\",\"@graph\":[{\"@type\":\"WebPage\",\"@id\":\"https:\/\/municipalidadtaltal.cl\/portal8\/participacion-ciudadana\/\",\"url\":\"https:\/\/municipalidadtaltal.cl\/portal8\/participacion-ciudadana\/\",\"name\":\"participaci\u00f3n ciudadana - Ilustre Municipalidad de Taltal\",\"isPartOf\":{\"@id\":\"https:\/\/municipalidadtaltal.cl\/portal8\/#website\"},\"datePublished\":\"2021-09-07T19:44:19+00:00\",\"dateModified\":\"2023-11-15T16:37:08+00:00\",\"breadcrumb\":{\"@id\":\"https:\/\/municipalidadtaltal.cl\/portal8\/participacion-ciudadana\/#breadcrumb\"},\"inLanguage\":\"es\",\"potentialAction\":[{\"@type\":\"ReadAction\",\"target\":[\"https:\/\/municipalidadtaltal.cl\/portal8\/participacion-ciudadana\/\"]}]},{\"@type\":\"BreadcrumbList\",\"@id\":\"https:\/\/municipalidadtaltal.cl\/portal8\/participacion-ciudadana\/#breadcrumb\",\"itemListElement\":[{\"@type\":\"ListItem\",\"position\":1,\"name\":\"Portada\",\"item\":\"https:\/\/municipalidadtaltal.cl\/portal8\/\"},{\"@type\":\"ListItem\",\"position\":2,\"name\":\"participaci\u00f3n ciudadana\"}]},{\"@type\":\"WebSite\",\"@id\":\"https:\/\/municipalidadtaltal.cl\/portal8\/#website\",\"url\":\"https:\/\/municipalidadtaltal.cl\/portal8\/\",\"name\":\"Ilustre Municipalidad de Taltal\",\"description\":\"\",\"potentialAction\":[{\"@type\":\"SearchAction\",\"target\":{\"@type\":\"EntryPoint\",\"urlTemplate\":\"https:\/\/municipalidadtaltal.cl\/portal8\/?s={search_term_string}\"},\"query-input\":{\"@type\":\"PropertyValueSpecification\",\"valueRequired\":true,\"valueName\":\"search_term_string\"}}],\"inLanguage\":\"es\"}]}<\/script>\n<!-- \/ Yoast SEO Premium plugin. -->","yoast_head_json":{"title":"participaci\u00f3n ciudadana - Ilustre Municipalidad de Taltal","robots":{"index":"index","follow":"follow","max-snippet":"max-snippet:-1","max-image-preview":"max-image-preview:large","max-video-preview":"max-video-preview:-1"},"canonical":"https:\/\/municipalidadtaltal.cl\/portal8\/participacion-ciudadana\/","og_locale":"es_ES","og_type":"article","og_title":"participaci\u00f3n ciudadana","og_description":"ENMIENDA N\u00b01\u00a0 MODIFICACI\u00d3N PLAN REGULADOR COMUNAL DE TALTAL La Ilustre Municipalidad de Taltal informa que, con motivo de&hellip;","og_url":"https:\/\/municipalidadtaltal.cl\/portal8\/participacion-ciudadana\/","og_site_name":"Ilustre Municipalidad de Taltal","article_modified_time":"2023-11-15T16:37:08+00:00","twitter_card":"summary_large_image","schema":{"@context":"https:\/\/schema.org","@graph":[{"@type":"WebPage","@id":"https:\/\/municipalidadtaltal.cl\/portal8\/participacion-ciudadana\/","url":"https:\/\/municipalidadtaltal.cl\/portal8\/participacion-ciudadana\/","name":"participaci\u00f3n ciudadana - Ilustre Municipalidad de Taltal","isPartOf":{"@id":"https:\/\/municipalidadtaltal.cl\/portal8\/#website"},"datePublished":"2021-09-07T19:44:19+00:00","dateModified":"2023-11-15T16:37:08+00:00","breadcrumb":{"@id":"https:\/\/municipalidadtaltal.cl\/portal8\/participacion-ciudadana\/#breadcrumb"},"inLanguage":"es","potentialAction":[{"@type":"ReadAction","target":["https:\/\/municipalidadtaltal.cl\/portal8\/participacion-ciudadana\/"]}]},{"@type":"BreadcrumbList","@id":"https:\/\/municipalidadtaltal.cl\/portal8\/participacion-ciudadana\/#breadcrumb","itemListElement":[{"@type":"ListItem","position":1,"name":"Portada","item":"https:\/\/municipalidadtaltal.cl\/portal8\/"},{"@type":"ListItem","position":2,"name":"participaci\u00f3n ciudadana"}]},{"@type":"WebSite","@id":"https:\/\/municipalidadtaltal.cl\/portal8\/#website","url":"https:\/\/municipalidadtaltal.cl\/portal8\/","name":"Ilustre Municipalidad de Taltal","description":"","potentialAction":[{"@type":"SearchAction","target":{"@type":"EntryPoint","urlTemplate":"https:\/\/municipalidadtaltal.cl\/portal8\/?s={search_term_string}"},"query-input":{"@type":"PropertyValueSpecification","valueRequired":true,"valueName":"search_term_string"}}],"inLanguage":"es"}]}},"_links":{"self":[{"href":"https:\/\/municipalidadtaltal.cl\/portal8\/wp-json\/wp\/v2\/pages\/25","targetHints":{"allow":["GET"]}}],"collection":[{"href":"https:\/\/municipalidadtaltal.cl\/portal8\/wp-json\/wp\/v2\/pages"}],"about":[{"href":"https:\/\/municipalidadtaltal.cl\/portal8\/wp-json\/wp\/v2\/types\/page"}],"author":[{"embeddable":true,"href":"https:\/\/municipalidadtaltal.cl\/portal8\/wp-json\/wp\/v2\/users\/1"}],"replies":[{"embeddable":true,"href":"https:\/\/municipalidadtaltal.cl\/portal8\/wp-json\/wp\/v2\/comments?post=25"}],"version-history":[{"count":1,"href":"https:\/\/municipalidadtaltal.cl\/portal8\/wp-json\/wp\/v2\/pages\/25\/revisions"}],"predecessor-version":[{"id":30,"href":"https:\/\/municipalidadtaltal.cl\/portal8\/wp-json\/wp\/v2\/pages\/25\/revisions\/30"}],"wp:attachment":[{"href":"https:\/\/municipalidadtaltal.cl\/portal8\/wp-json\/wp\/v2\/media?parent=25"}],"curies":[{"name":"wp","href":"https:\/\/api.w.org\/{rel}","templated":true}]}}